{"id":97,"date":"2017-07-03T15:08:16","date_gmt":"2017-07-03T15:08:16","guid":{"rendered":"http:\/\/regenbogenkidsluebeck.de\/?page_id=97"},"modified":"2022-11-23T12:11:46","modified_gmt":"2022-11-23T12:11:46","slug":"impressum","status":"publish","type":"page","link":"https:\/\/regenbogenkidsluebeck.de\/startseite\/impressum","title":{"rendered":"Impressum"},"content":{"rendered":"<h1>Impressum<\/h1>\n<h2>Angaben gem\u00e4\u00df \u00a7 5 TMG:<\/h2>\n<p>Stephanie Neuber &amp; G\u00fcnter Schulte<br \/>\nKindertagespflege Regenbogen Kids<br \/>\nDummersdorfer Stra\u00dfe 22<br \/>\n23569 L\u00fcbeck<\/p>\n<h2>Kontakt:<\/h2>\n<table>\n<tbody>\n<tr>\n<td>Telefon:<\/td>\n<td>+49 (0) 451 70797683<\/td>\n<\/tr>\n<tr>\n<td>Handy:<\/td>\n<td>+49 (0) 157 83790818<\/td>\n<\/tr>\n<tr>\n<td>E-Mail:<\/td>\n<td>hw_schulte@web.de<\/td>\n<\/tr>\n<\/tbody>\n<\/table>\n<h2>Angaben zur Berufshaftpflichtversicherung:<\/h2>\n<p>Name und Sitz des Versicherers:<\/p>\n<p>NV<br \/>\nVersicherung VVaG<br \/>\nOstfriesenstra\u00dfe 1<br \/>\n26425 Neuharlingersiel<\/p>\n<p>Wir sind nicht<br \/>\nbereit oder verpflichtet, an Streitbeilegungsverfahren vor einer Verbraucherschlichtungsstelle<br \/>\nteilzunehmen.<\/p>\n<h2>Haftung f\u00fcr Inhalte<\/h2>\n<p>Als Diensteanbieter sind wir gem\u00e4\u00df<br \/>\n\u00a7 7 Abs.1 TMG f\u00fcr eigene Inhalte auf diesen Seiten nach den allgemeinen Gesetzen<br \/>\nverantwortlich. Nach \u00a7\u00a7 8 bis 10 TMG sind wir als Diensteanbieter jedoch nicht verpflichtet,<br \/>\n\u00fcbermittelte oder gespeicherte fremde Informationen zu \u00fcberwachen oder nach<br \/>\nUmst\u00e4nden zu forschen, die auf eine rechtswidrige T\u00e4tigkeit hinweisen.<\/p>\n<p>Verpflichtungen zur Entfernung oder Sperrung der Nutzung von Informationen nach den allgemeinen<br \/>\nGesetzen bleiben hiervon unber\u00fchrt. Eine diesbez\u00fcgliche Haftung ist jedoch erst ab dem<br \/>\nZeitpunkt der Kenntnis einer konkreten Rechtsverletzung m\u00f6glich. Bei Bekanntwerden von<br \/>\nentsprechenden Rechtsverletzungen werden wir diese Inhalte umgehend entfernen.<\/p>\n<h2>Haftung<br \/>\nf\u00fcr Links<\/h2>\n<p>Unser Angebot enth\u00e4lt Links zu externen Webseiten Dritter, auf deren<br \/>\nInhalte wir keinen Einfluss haben. Deshalb k\u00f6nnen wir f\u00fcr diese fremden Inhalte auch keine<br \/>\nGew\u00e4hr \u00fcbernehmen. F\u00fcr die Inhalte der verlinkten Seiten ist stets der jeweilige Anbieter<br \/>\noder Betreiber der Seiten verantwortlich. Die verlinkten Seiten wurden zum Zeitpunkt der Verlinkung auf<br \/>\nm\u00f6gliche Rechtsverst\u00f6\u00dfe \u00fcberpr\u00fcft. Rechtswidrige Inhalte waren zum<br \/>\nZeitpunkt der Verlinkung nicht erkennbar.<\/p>\n<p>Eine permanente inhaltliche Kontrolle der verlinkten<br \/>\nSeiten ist jedoch ohne konkrete Anhaltspunkte einer Rechtsverletzung nicht zumutbar. Bei<br \/>\nBekanntwerden von Rechtsverletzungen werden wir derartige Links umgehend entfernen.<\/p>\n<h2>Urheberrecht<\/h2>\n<p>Die durch die Seitenbetreiber erstellten Inhalte und Werke auf diesen Seiten<br \/>\nunterliegen dem deutschen Urheberrecht. Die Vervielf\u00e4ltigung, Bearbeitung, Verbreitung und jede<br \/>\nArt der Verwertung au\u00dferhalb der Grenzen des Urheberrechtes bed\u00fcrfen der schriftlichen<br \/>\nZustimmung des jeweiligen Autors bzw. Erstellers. Downloads und Kopien dieser Seite sind nur f\u00fcr<br \/>\nden privaten, nicht kommerziellen Gebrauch gestattet.<\/p>\n<p>Soweit die Inhalte auf dieser Seite nicht<br \/>\nvom Betreiber erstellt wurden, werden die Urheberrechte Dritter beachtet. Insbesondere werden Inhalte<br \/>\nDritter als solche gekennzeichnet. Sollten Sie trotzdem auf eine Urheberrechtsverletzung aufmerksam<br \/>\nwerden, bitten wir um einen entsprechenden Hinweis. Bei Bekanntwerden von Rechtsverletzungen<br \/>\nwerden wir derartige Inhalte umgehend entfernen.<\/p>\n<p>Quelle: <a href=\"https:\/\/www.e-recht24.de\">https:\/\/www.erecht24.de<\/a><\/p>\n","protected":false},"excerpt":{"rendered":"<p>Impressum Angaben gem\u00e4\u00df \u00a7 5 TMG: Stephanie Neuber &amp; G\u00fcnter Schulte Kindertagespflege Regenbogen Kids Dummersdorfer Stra\u00dfe 22 23569 L\u00fcbeck Kontakt: Telefon: +49 (0) 451 70797683 Handy: +49 (0) 157 83790818 E-Mail: hw_schulte@web.de Angaben zur Berufshaftpflichtversicherung: Name und Sitz des Versicherers: NV Versicherung VVaG Ostfriesenstra\u00dfe 1 26425 Neuharlingersiel Wir sind nicht bereit oder verpflichtet, an Streitbeilegungsverfahren [&hellip;]<\/p>\n","protected":false},"author":1,"featured_media":0,"parent":0,"menu_order":0,"comment_status":"closed","ping_status":"closed","template":"","meta":{"footnotes":""},"_links":{"self":[{"href":"https:\/\/regenbogenkidsluebeck.de\/startseite\/wp-json\/wp\/v2\/pages\/97"}],"collection":[{"href":"https:\/\/regenbogenkidsluebeck.de\/startseite\/wp-json\/wp\/v2\/pages"}],"about":[{"href":"https:\/\/regenbogenkidsluebeck.de\/startseite\/wp-json\/wp\/v2\/types\/page"}],"author":[{"embeddable":true,"href":"https:\/\/regenbogenkidsluebeck.de\/startseite\/wp-json\/wp\/v2\/users\/1"}],"replies":[{"embeddable":true,"href":"https:\/\/regenbogenkidsluebeck.de\/startseite\/wp-json\/wp\/v2\/comments?post=97"}],"version-history":[{"count":8,"href":"https:\/\/regenbogenkidsluebeck.de\/startseite\/wp-json\/wp\/v2\/pages\/97\/revisions"}],"predecessor-version":[{"id":340,"href":"https:\/\/regenbogenkidsluebeck.de\/startseite\/wp-json\/wp\/v2\/pages\/97\/revisions\/340"}],"wp:attachment":[{"href":"https:\/\/regenbogenkidsluebeck.de\/startseite\/wp-json\/wp\/v2\/media?parent=97"}],"curies":[{"name":"wp","href":"https:\/\/api.w.org\/{rel}","templated":true}]}}